= b**2 + 5*b - 3. Let x(w) = -2*w**2. Let f be x(-2). Let i = 4 - f. Let a = 6 - i. What is t(a)?
3
Let h(i) be the second derivative of i**4/12 - 4*i**3/3 + 3*i**2/2 + i - 8. Calculate h(6).
-9
Let m(k) be the first derivative of 5*k**2/2 - 5*k - 36. Calculate m(6).
25
Let r(w) = -w**3 - 7*w**2 + 4*w - 5. Let l(g) = g**3 - 11*g**2 + 14*g + 1. Let f be l(2). Calculate r(f).
-33
Let t(d) = 8*d - 32 - 31 + 64. Let b(o) = 7*o + 2. Let y(n) = -3*b(n) + 2*t(n). Give y(-3).
11
Let n(t) = t**3 - 5*t**2 + 9*t - 6. Let x be n(2). Let g(f) = -6*f - 9. Let b(l) = l. Let q(o) = -5*b(o) - g(o). Calculate q(x).
9
Let n(k) = -k**2. Let r(i) = 6*i**2 - 3*i - 2. Let y(q) = 5*n(q) + r(q). Suppose 2*w + 0*w - 4 = 0. Suppose 4*v = 22 - w. What is y(v)?
8
Let i(p) = p**3 - p**2 + 8. Suppose 110*b - 108*b = -38. Let x be 0/b*(-1 - 3/(-2)). Give i(x).
8
Let v(k) = 10*k + 9. Let z(f) = -27*f - 25. Let p(h) = 8*v(h) + 3*z(h). What is p(-1)?
-2
Let y(f) = f + 6. Suppose -2*g - 11 + 1 = 0. Let i be y(g). Let s(p) = -6*p + 2*p + p + i + 5*p. Calculate s(1).
3
Suppose -f + 216 = 218. Let p(l) = -29*l - 1. Determine p(f).
57
Let a be (16 - 7)*(4/12 - 1). Let q(h) = -h - 6. Determine q(a).
0
Let a(t) be the first derivative of 3/2*t**2 + 5*t + 4 + 1/4*t**4 - 2*t**3. Let h be a(5). Let g(n) = -n - 3. Calculate g(h).
2
Let q(y) = -4*y - 46. Let f be 4/(-40)*0 - 12. What is q(f)?
2
Let z(x) be the second derivative of x**3/6 - 17*x**2/2 + 184*x + 2. Calculate z(19).
2
Let g = 98 - 80. Let d be (-6)/27*-1 - 58/g. Let h(i) = -3*i - 4. Give h(d).
5
Suppose 2 = 3*o + 4*k, -5*k + 2 = 3*o + 1. Suppose -4*r + 12 = 0, t + o*r + 14 = 6*t. Let g(c) = c**3 - 3*c**2 - 4*c + 2. Give g(t).
2
Suppose d = -0*d + 1. Let n = d - 3. Let v(c) = -10*c - 7. Let s(l) = 5*l + 3. Let g(y) = -9*s(y) - 4*v(y). Give g(n).
11
Suppose -22*t - 5*t = -297. Let j(a) = a**2 - 9*a - 11. What is j(t)?
11
Let b(i) = i**3 - 2*i**2 - 3. Let f be b(3). Let l(g) be the first derivative of g**2/2 - 7*g + 3. Give l(f).
-1
Let o(c) = c**3 - c**2 + 2*c + 1. Suppose -2*t - b = 2*t - 6, 5*t - 20 = 5*b. Calculate o(t).
9
Let u(m) = 2*m + 1. Let d(k) = k**3 + 6*k**2 + 5*k - 4. Let p be d(-4). Let y(f) = f**3 - 4*f**2 - 6*f + 3. Let s be y(4). Let q be 2/p + s/(-28). What is u(q)?
3
Let h(k) = -5*k. Suppose 5*c - 23 = 2*b - b, 5*b = -4*c + 30. Let u(g) = -4*g**2 + 1. Let r be u(1). Let l be 6/(-9)*r/b. What is h(l)?
-5
Let z(b) = -41*b - 26. Let r(q) = 48*q + 26. Let n(t) = -6*r(t) - 7*z(t). Give n(0).
26
Let c(z) = -2 - z - 2*z - 5 + 7*z. Give c(-5).
-27
Let y(t) = t**2 + 6*t + 8. Suppose g - l = -g - 5, 5*g + 5*l = -50. Determine y(g).
3
Let i = 55 + -31. Let v(q) = -i + 2*q**2 - q**2 - 6*q + 27. Calculate v(4).
-5
Let u(l) be the first derivative of -23 + 5*l + 1/2*l**2 - 1/3*l**3. What is u(4)?
-7
Suppose -12*s + 21*s - 36 = 0. Let y(j) = j**3 - 6*j**2 - 3*j + 5. Give y(s).
-39
Let c(t) be the second derivative of -9*t**5/20 - t**4/6 + t**2/2 - t. Let j be ((-7)/(-21))/(-1)*3. Give c(j).
8
Let d be (5/10)/((-1)/(-4)). Let f(x) = -x**3 - 5*x**2 + 3. Let h be f(-5). Let i(w) = 1 + 0*w**3 - d*w - 2 - 5*w**2 + 5 + w**h. What is i(5)?
-6
Let k(f) = -2*f - 7. Let d(y) = y - 3. Let w(l) = 4*d(l) - k(l). What is w(3)?
13
Let a = 26 + -21. Let w(g) = -g**2 + g**2 - 5*g**3 + 4*g**2 - a*g**2. Determine w(1).
-6
Let g = -39 + 55. Let r be (-4)/g*(-1 + -7). Let w(c) = -r*c**2 - 5*c**3 - 10 + c**2 - 4*c**3 + 10*c**3. Give w(0).
-10
Let b(l) = -l**3 + 8*l**2 + 10*l + 3. Let w(v) = v**3 - 9*v**2 - 11*v - 4. Let y(n) = -6*b(n) - 5*w(n). Suppose -74 = 5*d + 211. Let r = -53 - d. Give y(r).
-2
Let y(z) = 3*z**2 - 6*z + 3. Suppose -t + 3 + 3 = 0. Suppose 69 = -7*w + t. Let s(d) = -7*d**2 + 12*d - 5. Let m(x) = w*y(x) - 4*s(x). What is m(-5)?
-12
Let f(t) be the first derivative of t**4/4 - 5*t**3/3 - 7*t**2/2 + 2*t - 3. Let q be ((-86)/7)/(-2) + (-1)/7. What is f(q)?
-4
Let r(n) = -n**2 + 14*n + 4. Let d(f) = f**2 - 15*f - 5. Let m(w) = -6*d(w) - 7*r(w). Let o(u) = u**3 - 6*u**2 + 4*u + 11. Let h be o(5). Calculate m(h).
-10
Let v be (-2 - 0)*(-86)/4. Let u = v - 41. Let m(i) = -4*i**2 + 3*i. Determine m(u).
-10
Let n(p) = 3*p + 6. Let k(l) = 1. Let u(r) = -5*k(r) + n(r). Let s be (-1 - 11)*((-4)/(-3))/(-4). Suppose 2*z = 2*v + 14, 3*v + v = -s*z + 12. What is u(v)?
-5
Let a(b) = -b**3 - 19*b**2 - 13*b - 3. Let u(c) = 2*c**2 + c - 1. Let p(x) = a(x) + 5*u(x). Calculate p(-8).
-8
Suppose -27 = -24*r - 27. Let s(z) = z**2 + 3*z - 8. Calculate s(r).
-8
Let b(c) be the third derivative of -c**8/6720 + c**7/504 - c**6/720 + c**5/60 - c**4/6 - c**2. Let u(g) be the second derivative of b(g). Determine u(5).
-3
Suppose -20 = 1250*m - 1260*m. Let o(j) = 4*j - 1. Determine o(m).
7
Let x(h) be the first derivative of h**6/180 + h**5/60 - h**4/6 + 10*h**3/3 - 8. Let c(b) be the third derivative of x(b). Calculate c(-3).
8
Let y(l) be the third derivative of l**5/60 + l**4/6 + l**3/3 + 319*l**2 + 2*l. Determine y(-2).
-2
Let w(h) = h**3 + 1 + h - 1 + 2*h**2. Suppose 0 = 5*y + 5*o - 25, 0 = 2*y - 37*o + 35*o + 14. Determine w(y).
0
Let p(u) = -19*u + 13. Let x(m) = -14*m + 12. Let z(y) = -4*p(y) + 5*x(y). Determine z(8).
56
Let f(g) = 2*g**3 - 12*g**2 + 2*g - 8. Let u be f(6). Let d(z) be the third derivative of -z**6/120 + z**5/30 + z**4/4 - z**3/2 + 3*z**2. Determine d(u).
-11
Let j(a) be the second derivative of a**5/20 - 5*a**4/12 - 4*a**3/3 + 4*a**2 - 101*a. Give j(6).
-4
Let p(y) be the third derivative of -y**5/60 + y**4/3 - 2*y**3/3 + 2*y**2. Suppose -3*x = -5*z + 24, 3*z + 5*x - 16 = 2*z. Give p(z).
8
Let j(v) = -v**3 - 5*v**2 + v - 4. Let z(x) = -x**2 + 13*x + 30. Let t be z(15). Suppose t = -17*a + 18*a + 5. What is j(a)?
-9
Let j(h) be the first derivative of h**4/4 + 5*h**3/3 - 3*h**2 + 7*h + 1. Let m be j(-6). Suppose 9*l - m = 8*l. Let r(b) = -b**2 + 9*b - 8. Calculate r(l).
6
Suppose 5*m + 3*l + 38 = 0, 0*m + m - 4*l = -3. Let x = 6 - 3. Let r(o) = x*o - 2 - o - 3 + 13. Determine r(m).
-6
Let g(t) = 4*t + 11*t**2 - 5 - 10*t**2 + 2*t + 0*t. Let h be g(-7). Let b(y) = -y + 0*y + 7 + 3 - y**h - 5*y. Give b(-7).
3
Let s(g) = 2*g**2 + 4*g + 2. Let d(k) = 2*k. Let f(h) = 6*h. Let u(m) = -16*d(m) + 5*f(m). Let y be u(2). Let w be ((-9)/18)/((-1)/y). Give s(w).
2
Let w be (-1 - -5) + 0/(-1). Suppose -4*h - f + w*f = -19, 3*h - 3*f = 18. Let c(v) = -2 + 407*v**2 + 2 - 414*v**2. Give c(h).
-7
Let j(y) = 43 - y**2 + 8*y - 22 - 18. Give j(8).
3
Suppose 2*r - 7*r = 30. Let x be r + 32/5 + 74/(-10). Let n(g) = -g**3 - 6*g**2 + 9*g - 5. What is n(x)?
-19
Let b(i) be the second derivative of -i**4/12 + i**3/3 + i**2/2 + 9*i. Suppose y = -3*y + 80. Let d be (-16)/(-88) - y/(-11). What is b(d)?
1
Let p(z) be the third derivative of 5/24*z**4 + 0 + 0*z + 0*z**3 + 14*z**2. Determine p(3).
15
Let w(r) = 4*r - 5 - 5*r - 2*r - 1. Let o = 40 + -44. Calculate w(o).
6
Let q(z) = z**2 - 7*z - 1. Let h(o) = 5*o - 6. Let n be h(2). Suppose n*g = 5*i + 63 - 23, 5*g = -3*i + 13. Determine q(g).
-11
Suppose 0 = 4*z - 6 - 2. Let d(q) = z + 0*q + 2*q + 1 - 4. Suppose -4*k - 4*i - 24 = 0, 0 = k - 5*i + 1 - 7. Determine d(k).
-9
Let o be 56/364 + (-22)/(-26). Let u(r) = -8*r**2 - r. Give u(o).
-9
Suppose l - 17 = 42. Let j(r) = l*r**2 - 2*r - 31*r**2 - 2 - 24*r**2 + r**3. Suppose 0 = b + m + 8, 11 = -2*b - m - 0*m. Determine j(b).
13
Let r(d) = -d - 22. Let z be r(-10). Let u = 12 + z. Let k(o) = 2 + u - o + 3. Give k(0).
5
Let d(x) be the first derivative of 24 + x - 9/2*x**2. Determine d(-1).
10
Let u be (-16 - (-3 + 5))/2 + -1. Let j(y) = y + 13. Determine j(u).
3
Let c(u) = u + u**2 + 2*u - 4*u + 3*u - 1. Let j = -101 - -103. Give c(j).
7
Let x = -168 + 172. Let u(w) = -w**3 + 3*w**2 - 5. Give u(x).
-21
Let j(b) = -b + 5. Let l(p) = -7*p**2 + 3*p**2 - 12 + 11*p + 3*p**2. Let w be l(9). What is j(w)?
-1
Let y(q) = -4*q + q + 10 - 2 + 6. Let k(n) = -13*n + 58. Let m(b) = -2*k(b) + 9*y(b). Calculate m(7).
3
Let u(q) be the first derivative of q**2 - 30*q - 34. What is u(17)?
4
Let p(c) = -4 + 0 + 3*c - 2 - c**2 + 5. Suppose 4*i - 8 = -0*i. Determine p(i).
1
Let f(h) = -10*h - 10 + 3*h**3 + 2 - 48*h**2 - 2*h**3 + 98*h**2 - 57*h**2. Calculate f(8).
-24
Let g(x) be the first derivative of 0*x**3 + x + 3/2*x**2 - 1/4*x**4 + 7. Determine g(-2).
3
Let w(k) = -k**2 - 21*k - 